uppose 15 - 48 = -11*a. Let g(h) = -h**2 + 7*h - 6. Let o be g(5). Suppose -u - 5*x + 44 = 0, -o*u - x + 154 = -a*x. Is u composite?
True
Let s(i) = 18835*i**2 - 35*i - 73. Is s(-2) composite?
False
Let j = 29 - 39. Let q(o) = -2*o**3 - 10*o**2 + 6*o + 13. Is q(j) composite?
False
Let h(a) = -3*a**3 - 8*a**2 + 18*a + 6. Let j be h(-8). Is 2/(-1)*j/(-4) prime?
True
Let m = 47592 - 3841. Is m a prime number?
False
Let b(h) = -3*h**3 + 8*h**2 + 8*h - 10. Let a be b(10). Let g = 4231 + a. Is g a composite number?
True
Let d(f) = -f**3 - 14*f**2 + f + 15. Let p be d(-14). Let t(k) = 58*k**2 + 3*k - 4. Is t(p) prime?
False
Let t = 11129 - 7736. Suppose 2*a = -5*b + t, 0 = -3*b + a - 2*a + 2036. Is b composite?
True
Let k = 19 - 14. Suppose k*b = 4*b + 5. Is ((-4)/b)/((-12)/870) a composite number?
True
Let v(b) = -b**3 - 6*b**2 - 5*b. Let n be v(-5). Suppose -r + n*t + 143 = -3*t, 0 = -r - t + 163. Is r composite?
True
Let r(m) = m**2 - 6*m + 10. Let p be r(4). Suppose q + 1144 = 3*k - 3345, -4487 = -3*k + p*q. Is k composite?
True
Let f be (-3)/(-3)*-4 + 3. Let a be -15 + 15 - (2 + f). Let w(y) = -416*y + 3. Is w(a) a prime number?
True
Suppose 2*d - 2 = d. Suppose -w = 3*r - 7, -d*r + 0*r + 22 = 5*w. Is -3*((-1648)/12 - r) a prime number?
False
Suppose 2*s - r - r + 86 = 0, -4*s = 2*r + 142. Suppose 5*j - 5*h - 2 = 3, -2*h = 0. Let c = j - s. Is c a composite number?
True
Let k(i) = 6*i**2 + 8*i + 4. Let m(x) = x + 7. Let o be m(-10). Is k(o) a composite number?
True
Suppose 3*b = b. Suppose 2*d + 411 - 1769 = b. Is d a prime number?
False
Let y(z) = -12*z + 13. Let v be (72/(-5))/((-2)/10). Let h be 1/(-2)*v/4. Is y(h) a prime number?
False
Suppose -8 = -4*j, -j + 540 = 3*i - 164. Let n = i + -119. Is n a prime number?
False
Is 347/((5*15/575)/3) a prime number?
False
Let l = 39852 - 28001. Is l composite?
True
Suppose 0 = 3*l - 491 - 130. Suppose i + 84 = 4*q, 0 = 2*i - q + 6*q + l. Let s = i + 215. Is s composite?
True
Is 3898*2 + (-2)/(2/1) a composite number?
True
Suppose 0 = -17*w + 36312 + 53125. Is w a composite number?
False
Let o be ((-2)/(-3))/((-10)/15). Let c be (-2)/o + 13*-3. Let k = c - -56. Is k a composite number?
False
Suppose 85*o = 79*o + 210. Is o a composite number?
True
Let l = -603 - -161. Let k = l - -795. Is k prime?
True
Let r be (-90)/25*10/3. Is (-8)/r + (-422)/(-6) prime?
True
Let z(x) = -x + 2. Let s be z(-2). Let b(q) = 6*q + 485. Let k be b(0). Suppose 0 = -s*i - i + k. Is i a prime number?
True
Let b be (-13988)/(-13) + (-1)/1. Let c = -608 + b. Is c a composite number?
False
Let u be ((-18)/(-27))/((-2)/18). Let z(o) = -1235*o. Let y be z(u). Is y/22 + 6/33 composite?
False
Let n(s) = 16*s + 14. Suppose -2*a + 12 + 0 = 0. Let g be n(a). Let u = g - -375. Is u a composite number?
True
Let a = 1201 - 816. Suppose -3*u = -w + a, -4*w + 1659 - 139 = -2*u. Is w composite?
False
Let d(c) = -c**3 - 3*c**2 - 2*c - 1. Let m = -17 - -13. Let v be d(m). Suppose v = s - 68. Is s a composite number?
True
Let x(q) = q - 1. Let p(g) = 40*g. Let j(n) = -p(n) - 3*x(n). Let y(m) = -2*m**2 - 4*m - 2. Let r be y(-2). Is j(r) composite?
False
Let w(q) be the first derivative of -6*q**4 + q**3 + 5*q - 3. Let t(g) = -g**3 + 6*g**2 + 7*g - 4. Let j be t(7). Is w(j) a prime number?
False
Let v be 7/(-7)*842/(-2). Suppose 5*c + 118 = h, 2*c = -0*h - 4*h - 56. Let g = c + v. Is g composite?
False
Let u(o) = -4*o**2 - 16*o - 23. Let b be u(-19). Let x = -325 - b. Is x a prime number?
False
Suppose -i = -5*a - 2185 - 379, 0 = -2*a + 6. Is i a prime number?
True
Let i(s) = -4*s**2 + 1. Let n be i(-1). Let l be (15/(-10))/(n/34). Let g(q) = q**3 - 17*q**2 + 6*q - 17. Is g(l) composite?
True
Let o(z) = z + 16. Let m be o(-11). Suppose 3*j + 15 = m*d - 4*d, 2*d = -5*j + 8. Is d/(-6)*(-596)/6 a composite number?
False
Let s = 1185 + 26. Is s composite?
True
Let i(a) = -7*a - 45. Let v be i(-6). Let x(y) = y**2 + 7*y + 4. Let s be x(-7). Let u = s - v. Is u composite?
False
Let i = 147 + -144. Is 80 - i*(2 - (4 - 3)) prime?
False
Let j(a) = 333*a + 43. Let g be j(-2). Let y(q) = q**3 - 2*q**2 + 2*q - 1. Let b be y(1). Let s = b - g. Is s a prime number?
False
Let d(m) be the first derivative of m**4/4 - 5*m**3/6 - 7*m**2/2 - 4*m - 3. Let a(o) be the first derivative of d(o). Is a(8) a prime number?
False
Let s be 36*(-3)/9*-2. Let i be (-18)/4*s/(-36). Suppose 4*w - 496 = -4*o, i*o - 2*w = w + 390. Is o composite?
False
Suppose 5*q - 3*n = -4*n - 4, -q = -3*n - 12. Suppose -3*t + p + 1905 = q, 0*p = p. Is t a prime number?
False
Let a(g) = -57*g**3 - 13*g**2 - 16*g + 8. Is a(-3) a prime number?
False
Suppose 4*l + 2*l = 834. Suppose o + z = l, 591 = 3*o + o - 3*z. Let p = o - -443. Is p a prime number?
True
Suppose 17*t - 58315 + 6533 = 0. Is t composite?
True
Suppose -3*g + 6865 = 2*g. Suppose g = 3*d + 188. Is d prime?
False
Let u = -2 - -10. Let y(k) = k**3 + 2*k**2 + 6*k - 10. Let t be y(u). Suppose b + t = 3*b. Is b prime?
False
Suppose -2*m - 10346 = -l, -l + 1054 + 9295 = -5*m. Let s = l - 1457. Is s composite?
False
Is (197546/4)/(113/226) a prime number?
True
Suppose m + 6*k = 3*k + 629, 2*m = 3*k + 1294. Is m a composite number?
False
Suppose -3*r + 3*y + 177324 = 0, -54347 = -2*r - 3*y + 63864. Is r a prime number?
True
Let a(b) = -1197*b + 140. Is a(-9) a composite number?
True
Let r(c) be the first derivative of c**3/3 - 13*c**2/2 - 13*c - 17. Is r(17) composite?
True
Suppose 10 + 14 = 6*m. Let d be (-6926)/(-18) + (-2)/(-9). Suppose -x + d = m*x. Is x prime?
False
Let m be 3724 + -3 + (-1 + 3 - 1). Suppose -m - 3056 = -2*k. Is k a prime number?
True
Suppose 3*m - m + 238 = 4*q, -3*q + 5*m = -168. Let u = q - -223. Is ((-3)/(-3))/(4/u) a composite number?
False
Let a(b) = b + 329. Suppose -4*k + 20 = k. Suppose -3*n = 2*p - k, 4*n + 10 = 5*p - 0*p. Is a(n) a composite number?
True
Let r(i) = -22*i - 15. Suppose 4*v + v = 2*j + 30, -3*j + 2*v - 34 = 0. Is r(j) prime?
False
Suppose 0*x - x = 0, 8 = u - x. Let j be (-7)/(-28) + 19054/u. Is 6/(-3)*j/(-12) a composite number?
False
Let v(x) = 3*x - 3. Let c(z) = 4*z - 4. Let y(q) = 2*c(q) - 3*v(q). Let h be y(2). Let a(g) = -263*g**3 + g**2 + 2*g + 1. Is a(h) composite?
False
Let r(x) = 1002*x**2 + 5*x + 6. Suppose -5*n = -4*c - 0*n - 4, -3 = 3*c - 5*n. Is r(c) a composite number?
True
Is 33/(-6)*(-136)/(8 - 4) prime?
False
Let k be (-18)/(-30)*15*2/(-3). Is 2/6 - 2200/k a prime number?
True
Suppose 3*q + q = 20. Is 1*6/10 - (-10312)/q a prime number?
True
Let x(p) = -2*p**3 - 3*p**2 - 2*p. Let j be x(-2). Suppose j*l - 3*l = 265. Is l prime?
True
Suppose -4*m - 28980 = -4*v, -12713 - 16235 = -4*v - 4*m. Is v a prime number?
False
Suppose 2*q = -3*b - 203 - 123, -5*q = 3*b + 806. Let l = -29 - q. Is l a prime number?
True
Let f(i) = -i + 1. Let q be f(1). Let r(t) = 2*t + 35. Let g be r(-19). Is q/2 - g - -56 composite?
False
Is (6211 - 4) + -8 + -2 a composite number?
False
Let u = -297 - -380. Is u composite?
False
Let t be 3*(-12)/27*-3. Suppose 5*w = w + 4*p + 1016, -t*w + 1022 = 2*p. Suppose -4*h = -8, -l - 5*h + w = 4*l. Is l a prime number?
False
Let h = 10 - 6. Is 5846/7 + (-145)/35 + h a prime number?
False
Let t = 36 + -43. Let w(z) = -25*z + 24. Is w(t) composite?
False
Suppose -2*o - 5801 = 5*a - 30112, -3*a - o + 14586 = 0. Is a a prime number?
True
Let h be (-7 - -4 - 750) + 4. Let j = h + 1168. Is j composite?
False
Let n = -39 + 39. Suppose 2*q = 2*z + 139 + 177, n = -q - 4*z + 163. Is q a composite number?
True
Let t be (2 - 1) + (11 - 10). Let i(s) = -3*s + 8*s - 20*s - 16*s - s**t + 11. Is i(-15) a composite number?
False
Let v = 1880 - -740. Let g = -1183 + v. Is g a composite number?
True
Suppose 2*w + 1972 = 4*u - 2*w, 3*u + 4*w = 1444. Suppose -4*y + 1636 + u = 0. Suppose -5*q + y = -104. Is q a prime number?
True
Let y = 434 + 9543. Is y composite?
True
Suppose 24 = 5*a + 2*l, -5*a = -0*l - 2*l - 16. Suppose 4*n = f + 891, a*f + 137 = n - 82. Is n a prime number?
True
Let h be 1811 - ((-2)/(-4))/((-5)/10). Let y = h - 763. Is y a prime number?
True
Suppose 6*k = k + 1800. Suppose -m = m + 4*p - 178, -6 = 3*p. Suppose 2*u = s - m, s - k = -3*s + 2*u. Is s prime?
True
Suppose -3*p - 1406 = -47. Let b = 1659 + p. Suppose -2*f - 4*s + 818 = 12, 3*f + 5*s = b. Is f